 o(w) = -29*w + 216. What is o(7)?
13
Let l(d) = d**2 - 37*d - 2543. Calculate l(-35).
-23
Let v(o) = -41*o - 4184. What is v(-102)?
-2
Let b(l) = 100*l + 1806. Determine b(-11).
706
Let s(t) = 2*t**2 - 156*t - 465. Calculate s(81).
21
Let a(c) = -6*c**3 - 191*c**2 + 40*c + 238. What is a(-32)?
-18
Let g(p) = p**3 + 33*p**2 + 28*p - 192. What is g(-32)?
-64
Let x(l) = 2*l**2 + 198*l - 2254. What is x(11)?
166
Let z(i) = 3*i**3 - 21*i**2 + 6*i + 5. Determine z(7).
47
Let b(c) = 16*c**2 + 68*c + 5. Give b(-5).
65
Let a(w) = -4*w**3 - 264*w**2 + w - 54. Determine a(-66).
-120
Let n(z) = 21*z + 73. Determine n(-9).
-116
Let j(v) = -v**2 + 22*v - 23. Determine j(10).
97
Let g(j) = -j**3 + 126*j**2 + 102*j + 3173. Calculate g(127).
-2
Let v(y) = 3*y**2 - 494*y - 10463. Calculate v(-19).
6
Let q(c) = c**2 + 33*c + 247. Calculate q(-20).
-13
Let c(r) = -r**2 - 2330*r - 18576. What is c(-8)?
0
Let j(b) = 75*b**2 + 8763*b - 1393. Determine j(-117).
11
Let z(y) = -y**2 - 5*y + 1331. Calculate z(32).
147
Let s(a) = -11*a - 15. Give s(42).
-477
Let m(p) = 23*p**2 + 3774*p + 345. What is m(-164)?
17
Let a(q) = q**3 - 5*q**2 - 867*q + 5160. Calculate a(6).
-6
Let u(x) = x + 95. What is u(-53)?
42
Let z(x) = -x**3 - 9*x**2 + 31*x - 52. Give z(-12).
8
Let z(h) = -5*h**3 - 52*h**2 - 18*h + 30. What is z(-10)?
10
Let p(d) = 11*d + 251. Determine p(-20).
31
Let b(o) = 3*o**3 + 45*o**2 + 38*o - 98. Give b(-14).
-42
Let o(j) = 12*j**2 + 10*j + 25. Give o(-3).
103
Let h(x) = -x**2 + 4*x + 440. Calculate h(-19).
3
Let o(g) = -30*g - 46. Determine o(-2).
14
Let l(g) = -1442*g - 10106. What is l(-7)?
-12
Let l(a) = -14*a**2 - 4*a + 11. Determine l(-4).
-197
Let u(d) = -2*d + 230. Determine u(11).
208
Let q(x) = 44*x - 32. Give q(-5).
-252
Let i(w) = 88*w - 505. Calculate i(6).
23
Let y(m) = -123*m - 631. Determine y(-5).
-16
Let i(n) = -n**3 - 59*n**2 + 127*n + 336. Determine i(-61).
31
Let j(f) = -213*f + 33862. Calculate j(159).
-5
Let j(w) = 323*w + 4204. Calculate j(-13).
5
Let d(n) = -n**2 + 229*n + 2379. What is d(-10)?
-11
Let n(w) = 600*w + 160805. Give n(-268).
5
Let l(t) = t**2 + 53*t + 683. What is l(-22)?
1
Let c(a) = -12*a**3 + 59*a**2 - 28*a + 160. What is c(5)?
-5
Let z(x) = 9*x + 202. Determine z(-22).
4
Let z(q) = -q**3 - 12*q**2 - 28*q - 9. Calculate z(-4).
-25
Let f(i) = i**2 + 14*i + 29. Give f(-24).
269
Let t(l) = 2*l**2 + 23*l + 55. Determine t(-3).
4
Let c(h) = -63*h + 165. Calculate c(3).
-24
Let u(m) = -32*m - 423. Determine u(-13).
-7
Let h(j) = -3*j - 107. Calculate h(-25).
-32
Let p(v) = 45*v + 3968. Calculate p(-88).
8
Let r(a) = 3*a**3 - 36*a**2 - 361*a + 16. Calculate r(-7).
-250
Let x(y) = y**3 - 4*y**2 - 14*y + 9. What is x(-4)?
-63
Let h(x) = x**2 - 10. Calculate h(4).
6
Let i(u) = 9*u**3 - 56*u**2 - 17*u + 2. Give i(7).
226
Let c(j) = 3*j + 35. What is c(12)?
71
Let h(c) = 3*c**3 + 40*c**2 + 16*c + 30. Give h(-13).
-9
Let l(v) = -44*v**3 - 267*v**2 + 8*v + 177. Give l(-6).
21
Let k(u) = 5*u**3 + 105*u**2 - 231*u - 24. Calculate k(-23).
-1
Let q(o) = -o**3 + 17*o**2 - 10*o - 109. Calculate q(16).
-13
Let r(j) = -3*j**2 + 44*j - 12. What is r(14)?
16
Let b(o) = -8*o - 164. Give b(-6).
-116
Let g(y) = 41*y - 488. What is g(12)?
4
Let h(x) = -x**3 + 3*x**2 + 120*x - 489. Give h(4).
-25
Let a(l) = -l**3 - 4*l**2 - 18*l - 44. What is a(-5)?
71
Let s(v) = 2*v**2 + 17*v + 6. Give s(-14).
160
Let n(k) = 10*k + 165. Give n(-18).
-15
Let g(z) = -z**3 - 22*z**2 - 18*z - 150. Calculate g(-19).
-891
Let z(y) = -y**3 - 2*y**2 + 33*y + 10. Determine z(5).
0
Let i(m) = 480*m + 18217. Calculate i(-38).
-23
Let p(x) = -x**2 + 3*x + 148. Determine p(14).
-6
Let l(j) = -j**2 - 64*j - 487. What is l(-53)?
96
Let g(s) = -s**3 - 89*s**2 - 346*s - 42. What is g(-85)?
468
Let w(a) = 63*a - 358. Give w(6).
20
Let g(y) = -2*y + 50. Calculate g(15).
20
Let n(v) = -23*v**2 - 508*v + 1019. Calculate n(2).
-89
Let z(b) = b**2 - 19*b + 62. Determine z(17).
28
Let g(p) = 19*p + 46. What is g(-6)?
-68
Let x(z) = z**3 - 9*z**2 + 34*z - 146. What is x(7)?
-6
Let q(g) = g**3 - 10*g**2 - 7*g + 5. Calculate q(0).
5
Let p(k) = 17*k - 615. Determine p(37).
14
Let r(a) = 37*a**2 + 546*a + 392. Give r(-14).
0
Let t(z) = 16*z + 335. What is t(-23)?
-33
Let d(s) = s**2 - 54*s - 581. Calculate d(61).
-154
Let d(c) = c**2 + 38*c + 130. Determine d(-16).
-222
Let m(c) = 22*c + 7. What is m(3)?
73
Let n(j) = -83*j - 150. Determine n(-7).
431
Let t(s) = -s**2 + 62*s - 679. What is t(9)?
-202
Let a(z) = -39*z + 1546. Determine a(38).
64
Let j(q) = -120*q - 2400. What is j(-20)?
0
Let a(m) = -4*m**3 - 139*m**2 - 974*m + 27. Give a(-25).
2
Let z(n) = -n**3 - 34*n**2 - 29*n - 101. Give z(-33).
-233
Let m(c) = 1309*c + 7855. Determine m(-6).
1
Let j(d) = -d**2 - 33*d + 399. Calculate j(10).
-31
Let l(t) = 34460*t - 103373. Give l(3).
7
Let q(l) = -595*l - 1201. Determine q(-2).
-11
Let f(i) = i**3 - 56*i**2 + 213*i - 277. Give f(52).
-17
Let k(z) = -z**2 - 1393*z + 88704. Determine k(61).
10
Let t(s) = 3*s**2 + 126*s - 269. Calculate t(-44).
-5
Let n(u) = 2*u**2 + 41*u - 162. Give n(-24).
6
Let h(i) = 157*i**2 - i - 6. Determine h(0).
-6
Let h(x) = -x**3 + 3*x**2 + 271*x + 21. Give h(-15).
6
Let r(o) = -1655*o + 13257. What is r(8)?
17
Let d(r) = -r**2 + 12*r + 27. What is d(13)?
14
Let f(t) = 5*t - 31. Give f(-7).
-66
Let w(d) = 3*d**3 + 127*d**2 + 41*d - 2. Give w(-42).
40
Let w(g) = 2*g**2 - 58*g + 378. Give w(17).
-30
Let u(c) = c**3 - 17*c**2 - 4*c + 356. Calculate u(16).
36
Let n(f) = -f**3 - 40*f**2 + f + 81. What is n(-40)?
41
Let n(r) = 161*r + 243. Determine n(-2).
-79
Let h(n) = -47*n - 2489. Give h(-53).
2
Let a(o) = -o**2 - 136*o + 412. Determine a(3).
-5
Let c(r) = -1057*r + 1059. What is c(1)?
2
Let y(u) = 72*u**2 - 1731*u + 37. Give y(24).
-35
Let t(j) = -55*j + 8471. Calculate t(154).
1
Let t(c) = 68*c + 1240. What is t(-34)?
-1072
Let h(d) = -3*d**3 - 12*d**2 + 20*d + 223. Calculate h(-7).
524
Let s(i) = i**2 + 18918*i - 340846. Give s(18).
2
Let o(y) = 433*y - 15964. Give o(37).
57
Let u(z) = -z**2 - 120*z - 1075. Give u(-10).
25
Let v(f) = -f**3 + 5*f**2 + 13*f + 10. Give v(-3).
43
Let y(l) = -256*l + 253. Determine y(1).
-3
Let p(l) = 18*l + 64. What is p(7)?
190
Let v(n) = 25*n + 285. What is v(-13)?
-40
Let r(q) = 11*q + 2317. Determine r(-212).
-15
Let u(a) = -573*a - 7604. Determine u(-13).
-155
Let p(i) = -55*i + 929. Give p(17).
-6
Let j(f) = 12*f**2 + 101*f + 41. Determine j(-11).
382
Let j(z) = -z**3 - 30*z**2 - 146*z - 33. Give j(-24).
15
Let h(f) = f**2 - 47*f + 300. Determine h(36).
-96
Let v(r) = -r**3 + 15*r**2 + 128*r - 52. Calculate v(21).
-10
Let u(b) = 7*b**2 - 97*b - 57. Calculate u(15).
63
Let w(i) = -i**3 + i**2 + 9*i - 36. Give w(0).
-36
Let v(t) = 28*t - 2390. Give v(79).
-178
Let d(n) = -133*n**2 - 44*n + 45. Give d(1).
-132
Let u(b) = -b**2 - 20*b - 125. What is u(-7)?
-34
Let s(d) = 68*d**2 + 18*d - 32. Give s(2).
276
Let z(r) = -9*r + 234. Calculate z(47).
-189
Let f(j) = 4*j + 98. What is f(2)?
106
Let q(t) = t**3 - 17*t**2 - 14*t + 92. Determine q(17).
-146
Let y(x) = 2*x**2 - 136*x + 1873. Give y(49).
11
Let z(l) = -4*l**3 + 5*l**2 + 5*l - 9. Calculate z(-2).
33
Let l(b) = -420*b - 2942. Give l(-7).
-2
Let n(x) = -425*x - 1111. Give n(-4).
589
Let b(n) = 56*n + 10530. What is b(-188)?
2
Let m(h) = -3*h**3 - 3*h**2 + 98*h + 1. Give m(0).
1
Let f(y) = y**2 - 44*y + 472. Give f(30).
52
Let h(t) = -133*t**3 + 5*t**2 + 5*t - 9. Give h(1).
-132
Let n(k) = -2*k**3 - 162*k**2 - 252*k - 7342. Calculate n(-80).
18
Let v(p) = -29*p - 31. Give v(1).
-60
Let w(s) = s**2 + 67*s - 435. Determine w(6).
3
Let b(r) = r**3 + 140*r**2 - 2327*r - 305. What is b(-155)?
5
Let l(m) = -m**3 + 23*m**2 + 164*m - 3369. What is l(24)?
-9
Let f(q) = -318*q**2 + 1021*q + 9. Determine f(3).
210
Let h(b) = -b**2 - 10*b + 367. Determine h(-25).
-8
Let u(h) = 3*h**2 - 28*h - 269. Calculate u(-6).
7
Let n(y) = -y**2 + 67*y + 648. Determine n(74).
130
Let y(q) = -15*q**2 - 1243*q + 145. What is y(-83)?
-21
Let y(t) = 13*t**2 + 1. What is y(3)?
118
Let t(x) = 3*x**3 + 85*x**2 + 740*x + 23145. Give t(-29).
3
Let g(c) = -6*c**3 + 265*c**2 - 37*c - 86. Calculate g(44).
222
Let b(k) = 8*k**2 - 87*k + 200. Calculate b(8).
16
Let y(x) = x**3 + 13*x**2 + 3*x + 8. Determine y(-6).